{"id":1157,"date":"2022-11-27T13:20:17","date_gmt":"2022-11-27T13:20:17","guid":{"rendered":"https:\/\/danskpaatigrinya.dk\/?page_id=1157"},"modified":"2023-01-15T15:16:39","modified_gmt":"2023-01-15T15:16:39","slug":"projektgruppen","status":"publish","type":"page","link":"https:\/\/danskpaatigrinya.dk\/?page_id=1157","title":{"rendered":"Projektgruppen"},"content":{"rendered":"\n<p>Projektgruppen best\u00e5r af en r\u00e6kke dygtige fagfolk inden for dansk som andetsprog. Her er nogle stemningsbilleder fra optagelser.<\/p>\n\n\n\n<figure class=\"wp-block-image size-large\"><img loading=\"lazy\" decoding=\"async\" width=\"1024\" height=\"768\" src=\"https:\/\/danskpaatigrinya.dk\/wp-content\/uploads\/2023\/01\/2-1024x768.jpg\" alt=\"\" class=\"wp-image-1234\" srcset=\"https:\/\/danskpaatigrinya.dk\/wp-content\/uploads\/2023\/01\/2-1024x768.jpg 1024w, https:\/\/danskpaatigrinya.dk\/wp-content\/uploads\/2023\/01\/2-300x225.jpg 300w, https:\/\/danskpaatigrinya.dk\/wp-content\/uploads\/2023\/01\/2-768x576.jpg 768w, https:\/\/danskpaatigrinya.dk\/wp-content\/uploads\/2023\/01\/2-1536x1152.jpg 1536w, https:\/\/danskpaatigrinya.dk\/wp-content\/uploads\/2023\/01\/2-2048x1536.jpg 2048w\" sizes=\"auto, (max-width: 1024px) 100vw, 1024px\" \/><figcaption class=\"wp-element-caption\"><em>Jane Kristine Nielsen og Lwam Berhane bager pandekager. Michelle Lund Ossipoff Holmkj\u00e6r og Jacob Holmkj\u00e6r Ossipoff bag kamera. Hanne Schilling, Elina Maslo, Mehreteab Woldou og Sarah Woldou ved tasterne.<\/em><\/figcaption><\/figure>\n\n\n\n<p><\/p>\n\n\n\n<figure class=\"wp-block-image size-large\"><img loading=\"lazy\" decoding=\"async\" width=\"1024\" height=\"768\" src=\"https:\/\/danskpaatigrinya.dk\/wp-content\/uploads\/2023\/01\/IMG_20220115_132632-1024x768.jpg\" alt=\"\" class=\"wp-image-1235\" srcset=\"https:\/\/danskpaatigrinya.dk\/wp-content\/uploads\/2023\/01\/IMG_20220115_132632-1024x768.jpg 1024w, https:\/\/danskpaatigrinya.dk\/wp-content\/uploads\/2023\/01\/IMG_20220115_132632-300x225.jpg 300w, https:\/\/danskpaatigrinya.dk\/wp-content\/uploads\/2023\/01\/IMG_20220115_132632-768x576.jpg 768w, https:\/\/danskpaatigrinya.dk\/wp-content\/uploads\/2023\/01\/IMG_20220115_132632-1536x1152.jpg 1536w, https:\/\/danskpaatigrinya.dk\/wp-content\/uploads\/2023\/01\/IMG_20220115_132632-2048x1536.jpg 2048w\" sizes=\"auto, (max-width: 1024px) 100vw, 1024px\" \/><figcaption class=\"wp-element-caption\">Projektgruppen samlet ved frokost. <\/figcaption><\/figure>\n\n\n\n<h2 class=\"wp-block-heading\">Kontakt til ildsj\u00e6le<\/h2>\n\n\n\n<p>I forbindelse med projektet har vi m\u00f8dt to ildsj\u00e6le, som i \u00e5revis har arbejdet med integration af nyankomne borgere i Slagelse, ikke mindst for Tigrinya-talende borgere. Du kan m\u00f8de Clive og Hanne Lee p\u00e5 Facebook i en gruppe der hedder&nbsp;<a rel=\"noreferrer noopener\" href=\"https:\/\/www.facebook.com\/groups\/805719889542225\" target=\"_blank\">Integrationsgruppen Slagelse<\/a>, hvor der blandt andet afholdes ugentlige caf\u00e9er for nyankomne borgere.<\/p>\n\n\n\n<p>Clive og Hanne Lee har v\u00e6ret s\u00e6rdeles aktive med at udforske og formidle kendskab til sproget Tigrinya. Clive Lee er ved at l\u00e6re sig Tigrinya og er meget aktiv med at skabe rammer for at b\u00f8rn med Tigrinya som modersm\u00e5l udvikler deres literaciteter p\u00e5 modersm\u00e5l. Han har oprettet og koordineret gruppen&nbsp;<a rel=\"noreferrer noopener\" href=\"https:\/\/www.facebook.com\/groups\/1603580396612513\" target=\"_blank\">Dansk Engelsk Tigrinya<\/a>, hvor han formidler det meget unikke og sj\u00e6ldne materiale om sproget.<\/p>\n","protected":false},"excerpt":{"rendered":"<p>Projektgruppen best\u00e5r af en r\u00e6kke dygtige fagfolk inden for dansk som andetsprog. Her er nogle stemningsbilleder fra optagelser. Kontakt til ildsj\u00e6le I forbindelse med projektet har vi m\u00f8dt to ildsj\u00e6le, som i \u00e5revis har arbejdet med integration af nyankomne borgere i Slagelse, ikke mindst for Tigrinya-talende borgere. Du kan m\u00f8de Clive og Hanne Lee p\u00e5 [&hellip;]<\/p>\n","protected":false},"author":1,"featured_media":0,"parent":0,"menu_order":0,"comment_status":"closed","ping_status":"closed","template":"","meta":{"zakra_sidebar_layout":"customizer","zakra_remove_content_margin":false,"zakra_sidebar":"customizer","zakra_transparent_header":"customizer","zakra_logo":0,"zakra_main_header_style":"default","zakra_menu_item_color":"","zakra_menu_item_hover_color":"","zakra_menu_item_active_color":"","zakra_menu_active_style":"","zakra_page_header":true,"footnotes":""},"class_list":["post-1157","page","type-page","status-publish","hentry"],"_links":{"self":[{"href":"https:\/\/danskpaatigrinya.dk\/index.php?rest_route=\/wp\/v2\/pages\/1157","targetHints":{"allow":["GET"]}}],"collection":[{"href":"https:\/\/danskpaatigrinya.dk\/index.php?rest_route=\/wp\/v2\/pages"}],"about":[{"href":"https:\/\/danskpaatigrinya.dk\/index.php?rest_route=\/wp\/v2\/types\/page"}],"author":[{"embeddable":true,"href":"https:\/\/danskpaatigrinya.dk\/index.php?rest_route=\/wp\/v2\/users\/1"}],"replies":[{"embeddable":true,"href":"https:\/\/danskpaatigrinya.dk\/index.php?rest_route=%2Fwp%2Fv2%2Fcomments&post=1157"}],"version-history":[{"count":3,"href":"https:\/\/danskpaatigrinya.dk\/index.php?rest_route=\/wp\/v2\/pages\/1157\/revisions"}],"predecessor-version":[{"id":1245,"href":"https:\/\/danskpaatigrinya.dk\/index.php?rest_route=\/wp\/v2\/pages\/1157\/revisions\/1245"}],"wp:attachment":[{"href":"https:\/\/danskpaatigrinya.dk\/index.php?rest_route=%2Fwp%2Fv2%2Fmedia&parent=1157"}],"curies":[{"name":"wp","href":"https:\/\/api.w.org\/{rel}","templated":true}]}}