{"id":1150,"date":"2022-11-27T13:20:17","date_gmt":"2022-11-27T13:20:17","guid":{"rendered":"https:\/\/danskpaatigrinya.dk\/?page_id=1150"},"modified":"2023-01-15T15:23:17","modified_gmt":"2023-01-15T15:23:17","slug":"video-1","status":"publish","type":"page","link":"https:\/\/danskpaatigrinya.dk\/?page_id=1150","title":{"rendered":"Video 1"},"content":{"rendered":"\n<h2 class=\"wp-block-heading\">Introduktion til SFL<\/h2>\n\n\n\n<figure class=\"wp-block-embed is-type-video is-provider-youtube wp-block-embed-youtube wp-embed-aspect-16-9 wp-has-aspect-ratio\"><div class=\"wp-block-embed__wrapper\">\n<div class=\"zak-oembed-container\"><iframe loading=\"lazy\" title=\"VIDEO 1: INTRODUKTION TIL SFL\" width=\"812\" height=\"457\" src=\"https:\/\/www.youtube.com\/embed\/iAUu_1E5058?feature=oembed\" frameborder=\"0\" allow=\"accelerometer; autoplay; clipboard-write; encrypted-media; gyroscope; picture-in-picture; web-share\" allowfullscreen><\/iframe><\/div>\n<\/div><\/figure>\n\n\n\n<p>I denne video introducerer Hanne Schilling den systemisk funktionelle tilgang (SFL) til sprog, som vores undervisningsmateriale er inspireret af. Hanne illustrerer tilgangen med eksempler p\u00e5, hvordan vi bruger de forskellige kategier af ord i vores videoer. <\/p>\n\n\n\n<p>F\u00f8rst introducerer Hanne tilgangen p\u00e5 dansk. Bagefter overs\u00e6tter Woldu Mehreteab det hele til tigrinya. <\/p>\n","protected":false},"excerpt":{"rendered":"<p>Introduktion til SFL I denne video introducerer Hanne Schilling den systemisk funktionelle tilgang (SFL) til sprog, som vores undervisningsmateriale er inspireret af. Hanne illustrerer tilgangen med eksempler p\u00e5, hvordan vi bruger de forskellige kategier af ord i vores videoer. F\u00f8rst introducerer Hanne tilgangen p\u00e5 dansk. Bagefter overs\u00e6tter Woldu Mehreteab det hele til tigrinya.<\/p>\n","protected":false},"author":1,"featured_media":0,"parent":0,"menu_order":0,"comment_status":"closed","ping_status":"closed","template":"","meta":{"zakra_sidebar_layout":"customizer","zakra_remove_content_margin":false,"zakra_sidebar":"customizer","zakra_transparent_header":"customizer","zakra_logo":0,"zakra_main_header_style":"default","zakra_menu_item_color":"","zakra_menu_item_hover_color":"","zakra_menu_item_active_color":"","zakra_menu_active_style":"","zakra_page_header":true,"footnotes":""},"class_list":["post-1150","page","type-page","status-publish","hentry"],"_links":{"self":[{"href":"https:\/\/danskpaatigrinya.dk\/index.php?rest_route=\/wp\/v2\/pages\/1150","targetHints":{"allow":["GET"]}}],"collection":[{"href":"https:\/\/danskpaatigrinya.dk\/index.php?rest_route=\/wp\/v2\/pages"}],"about":[{"href":"https:\/\/danskpaatigrinya.dk\/index.php?rest_route=\/wp\/v2\/types\/page"}],"author":[{"embeddable":true,"href":"https:\/\/danskpaatigrinya.dk\/index.php?rest_route=\/wp\/v2\/users\/1"}],"replies":[{"embeddable":true,"href":"https:\/\/danskpaatigrinya.dk\/index.php?rest_route=%2Fwp%2Fv2%2Fcomments&post=1150"}],"version-history":[{"count":3,"href":"https:\/\/danskpaatigrinya.dk\/index.php?rest_route=\/wp\/v2\/pages\/1150\/revisions"}],"predecessor-version":[{"id":1249,"href":"https:\/\/danskpaatigrinya.dk\/index.php?rest_route=\/wp\/v2\/pages\/1150\/revisions\/1249"}],"wp:attachment":[{"href":"https:\/\/danskpaatigrinya.dk\/index.php?rest_route=%2Fwp%2Fv2%2Fmedia&parent=1150"}],"curies":[{"name":"wp","href":"https:\/\/api.w.org\/{rel}","templated":true}]}}